{"id":17892,"date":"2017-04-08T12:55:57","date_gmt":"2017-04-08T10:55:57","guid":{"rendered":"http:\/\/julianataraca.ch\/?page_id=17892"},"modified":"2022-02-16T15:40:28","modified_gmt":"2022-02-16T14:40:28","slug":"freelance","status":"publish","type":"page","link":"https:\/\/julianataraca.ch\/de\/freelance\/","title":{"rendered":"FREELANCE"},"content":{"rendered":"<div class=\"wpb_row vc_row-fluid clearfix\"><div class=\"wrapper clearfix\"><div class=\"inner-wrapper clearfix\"><div class=\"wpb_column vc_column_container vc_col-sm-6\"><div class=\"wpb_wrapper\">\n\t<div class=\"wpb_text_column wpb_content_element \">\n\t\t<div class=\"wpb_wrapper\">\n\t\t\t<p><img loading=\"lazy\" decoding=\"async\" class=\"alignnone wp-image-17646 size-full\" src=\"http:\/\/julianataraca.ch\/wp-content\/uploads\/2014\/09\/MTV_FondueToni079.jpg\" alt=\"\" width=\"4711\" height=\"3141\" srcset=\"https:\/\/julianataraca.ch\/wp-content\/uploads\/2014\/09\/MTV_FondueToni079.jpg 4711w, https:\/\/julianataraca.ch\/wp-content\/uploads\/2014\/09\/MTV_FondueToni079-300x200.jpg 300w, https:\/\/julianataraca.ch\/wp-content\/uploads\/2014\/09\/MTV_FondueToni079-768x512.jpg 768w, https:\/\/julianataraca.ch\/wp-content\/uploads\/2014\/09\/MTV_FondueToni079-1024x683.jpg 1024w\" sizes=\"auto, (max-width: 4711px) 100vw, 4711px\" \/><\/p>\n<p>JULIANA TARACA | International Hairstylist &#038; Makeup Artist<\/p>\n<p>Seit \u00fcber 17 Jahre als Coiffeur Meister &#038; Make-up Artistin in der Beauty Branche, inklusive 9 Jahre national und internationale arbeiten als Freiberufler, habe ich einen bestehenden Kundenstamm in der Schweiz.<\/p>\n<p>Inspiriert von jeder Pers\u00f6nlichkeit, liegt ein grossartiger Look darauf, innovative, unverwechselbare und tragbare Looks zu kreieren, die Einzigartig f\u00fcr den einzelnen sind.<\/p>\n<p>Ich arbeite mit einigen der\u00a0angesehensten und remontierten Firmen in der Medien <span data-offset-key=\"apo7q-0-0\"> (ProSieben\/Sat1, CNN, SRF&#8230;) <\/span>und Coiffeur\u00a0<span data-offset-key=\"apo7q-0-0\">(Great Lengths, GHD&#8230;)<\/span> Branche zusammen.<\/p>\n<p>Ich wurde auf internationalen Magazinen und in Blogs wie <span data-offset-key=\"38hvk-0-0\"> Fantastic Man Magazine, Green Wedding Shoes, Style me Pretty, Burnetts Board\u2019s, French Wedding und viele mehr gekennzeichnet. <\/span><\/p>\n<p>Mein Studio ist in Aarau, Schweiz.<br \/>\nIch bin weltweit als Freelance Hair &#038; Make-up Artist buchbar.<\/p>\n<p>Ich w\u00fcrde mich sehr geehrt f\u00fchlen von Ihnen zu h\u00f6ren und einen Teil Ihres Stylings zu sein!<\/p>\n<p><a href=\"https:\/\/www.facebook.com\/julianataraca.ch\/\" target=\"_blank\" rel=\"attachment wp-att-17267 noopener noreferrer\"><img loading=\"lazy\" decoding=\"async\" class=\"alignnone wp-image-17267\" src=\"http:\/\/julianataraca.ch\/wp-content\/uploads\/2015\/12\/fbbutton-150x150.png\" alt=\"fbbutton\" width=\"28\" height=\"28\" srcset=\"https:\/\/julianataraca.ch\/wp-content\/uploads\/2015\/12\/fbbutton-150x150.png 150w, https:\/\/julianataraca.ch\/wp-content\/uploads\/2015\/12\/fbbutton-300x300.png 300w, https:\/\/julianataraca.ch\/wp-content\/uploads\/2015\/12\/fbbutton-768x768.png 768w, https:\/\/julianataraca.ch\/wp-content\/uploads\/2015\/12\/fbbutton-1024x1024.png 1024w, https:\/\/julianataraca.ch\/wp-content\/uploads\/2015\/12\/fbbutton.png 2000w\" sizes=\"auto, (max-width: 28px) 100vw, 28px\" \/><\/a><a href=\"https:\/\/twitter.com\/JulianaTaraca\" target=\"_blank\" rel=\"noopener noreferrer\"><img loading=\"lazy\" decoding=\"async\" class=\"alignnone wp-image-17765\" src=\"http:\/\/julianataraca.ch\/wp-content\/uploads\/2014\/09\/new-twitter-logo-300x207.jpg\" alt=\"new-twitter-logo\" width=\"44\" height=\"30\" srcset=\"https:\/\/julianataraca.ch\/wp-content\/uploads\/2014\/09\/new-twitter-logo-300x207.jpg 300w, https:\/\/julianataraca.ch\/wp-content\/uploads\/2014\/09\/new-twitter-logo.jpg 515w\" sizes=\"auto, (max-width: 44px) 100vw, 44px\" \/><\/a><a href=\"https:\/\/www.instagram.com\/julianataraca\/\" target=\"_blank\" rel=\"noopener noreferrer\"><img loading=\"lazy\" decoding=\"async\" class=\"alignnone wp-image-17419\" src=\"http:\/\/julianataraca.ch\/wp-content\/uploads\/2014\/09\/icon320x320-300x300.png\" alt=\"\" width=\"28\" height=\"28\" srcset=\"https:\/\/julianataraca.ch\/wp-content\/uploads\/2014\/09\/icon320x320-300x300.png 300w, https:\/\/julianataraca.ch\/wp-content\/uploads\/2014\/09\/icon320x320-150x150.png 150w, https:\/\/julianataraca.ch\/wp-content\/uploads\/2014\/09\/icon320x320.png 320w\" sizes=\"auto, (max-width: 28px) 100vw, 28px\" \/><\/a> <\/p>\n\n\t\t<\/div>\n\t<\/div>\n<\/div><\/div><div class=\"wpb_column vc_column_container vc_col-sm-6\"><div class=\"wpb_wrapper\">\n\t<div class=\"wpb_text_column wpb_content_element \">\n\t\t<div class=\"wpb_wrapper\">\n\t\t\t<p style=\"font-size: 18px; text-align: left;\">ANFRAGE F\u00dcR NATIONALE &#038; INTERNATIONALE VERF\u00dcGBARKEIT:<\/p>\n<p><a href=\"mailto:info@julianataraca.ch\">info@julianataraca.ch<\/a><\/p>\n<p>FASHION<br \/>\nBEAUTY &#038; EDITORIAL<br \/>\nWERBUNG<br \/>\nFILM &#038; FERNSEHN<br \/>\nMUSIK PRODUKTION<br \/>\nBUSINESS<br \/>\nEVENTS<\/p>\n\n\t\t<\/div>\n\t<\/div>\n<\/div><\/div><\/div><\/div><\/div>\n","protected":false},"excerpt":{"rendered":"{:en} JULIANA TARACA | International Master Hairstylist & Makeup Artist With over 17 years experience as Master Hairstylist & Makeup Artist in the beauty industry, including 9 years of national and international traveling as freelancer, I\u2019ve grown a steady client base. Inspired by every personality. A &hellip;","protected":false},"author":2,"featured_media":0,"parent":0,"menu_order":0,"comment_status":"closed","ping_status":"closed","template":"","meta":{"footnotes":""},"class_list":["post-17892","page","type-page","status-publish","hentry"],"translation":{"provider":"WPGlobus","version":"3.0.0","language":"de","enabled_languages":["en","de"],"languages":{"en":{"title":true,"content":true,"excerpt":false},"de":{"title":false,"content":true,"excerpt":false}}},"_links":{"self":[{"href":"https:\/\/julianataraca.ch\/de\/wp-json\/wp\/v2\/pages\/17892","targetHints":{"allow":["GET"]}}],"collection":[{"href":"https:\/\/julianataraca.ch\/de\/wp-json\/wp\/v2\/pages"}],"about":[{"href":"https:\/\/julianataraca.ch\/de\/wp-json\/wp\/v2\/types\/page"}],"author":[{"embeddable":true,"href":"https:\/\/julianataraca.ch\/de\/wp-json\/wp\/v2\/users\/2"}],"replies":[{"embeddable":true,"href":"https:\/\/julianataraca.ch\/de\/wp-json\/wp\/v2\/comments?post=17892"}],"version-history":[{"count":29,"href":"https:\/\/julianataraca.ch\/de\/wp-json\/wp\/v2\/pages\/17892\/revisions"}],"predecessor-version":[{"id":30343,"href":"https:\/\/julianataraca.ch\/de\/wp-json\/wp\/v2\/pages\/17892\/revisions\/30343"}],"wp:attachment":[{"href":"https:\/\/julianataraca.ch\/de\/wp-json\/wp\/v2\/media?parent=17892"}],"curies":[{"name":"wp","href":"https:\/\/api.w.org\/{rel}","templated":true}]}}

<div class="wpb_row vc_row-fluid clearfix"><div class="wrapper clearfix"><div class="inner-wrapper clearfix"><div class="wpb_column vc_column_container vc_col-sm-6"><div class="wpb_wrapper">
	<div class="wpb_text_column wpb_content_element ">
		<div class="wpb_wrapper">
			<p><img loading="lazy" decoding="async" class="alignnone wp-image-17646 size-full" src="http://julianataraca.ch/wp-content/uploads/2014/09/MTV_FondueToni079.jpg" alt="" width="4711" height="3141" srcset="https://julianataraca.ch/wp-content/uploads/2014/09/MTV_FondueToni079.jpg 4711w, https://julianataraca.ch/wp-content/uploads/2014/09/MTV_FondueToni079-300x200.jpg 300w, https://julianataraca.ch/wp-content/uploads/2014/09/MTV_FondueToni079-768x512.jpg 768w, https://julianataraca.ch/wp-content/uploads/2014/09/MTV_FondueToni079-1024x683.jpg 1024w" sizes="auto, (max-width: 4711px) 100vw, 4711px" /></p>
<p>JULIANA TARACA | International Hairstylist &#038; Makeup Artist</p>
<p>Seit über 17 Jahre als Coiffeur Meister &#038; Make-up Artistin in der Beauty Branche, inklusive 9 Jahre national und internationale arbeiten als Freiberufler, habe ich einen bestehenden Kundenstamm in der Schweiz.</p>
<p>Inspiriert von jeder Persönlichkeit, liegt ein grossartiger Look darauf, innovative, unverwechselbare und tragbare Looks zu kreieren, die Einzigartig für den einzelnen sind.</p>
<p>Ich arbeite mit einigen der angesehensten und remontierten Firmen in der Medien <span data-offset-key="apo7q-0-0"> (ProSieben/Sat1, CNN, SRF&#8230;) </span>und Coiffeur <span data-offset-key="apo7q-0-0">(Great Lengths, GHD&#8230;)</span> Branche zusammen.</p>
<p>Ich wurde auf internationalen Magazinen und in Blogs wie <span data-offset-key="38hvk-0-0"> Fantastic Man Magazine, Green Wedding Shoes, Style me Pretty, Burnetts Board’s, French Wedding und viele mehr gekennzeichnet. </span></p>
<p>Mein Studio ist in Aarau, Schweiz.<br />
Ich bin weltweit als Freelance Hair &#038; Make-up Artist buchbar.</p>
<p>Ich würde mich sehr geehrt fühlen von Ihnen zu hören und einen Teil Ihres Stylings zu sein!</p>
<p><a href="https://www.facebook.com/julianataraca.ch/" target="_blank" rel="attachment wp-att-17267 noopener noreferrer"><img loading="lazy" decoding="async" class="alignnone wp-image-17267" src="http://julianataraca.ch/wp-content/uploads/2015/12/fbbutton-150x150.png" alt="fbbutton" width="28" height="28" srcset="https://julianataraca.ch/wp-content/uploads/2015/12/fbbutton-150x150.png 150w, https://julianataraca.ch/wp-content/uploads/2015/12/fbbutton-300x300.png 300w, https://julianataraca.ch/wp-content/uploads/2015/12/fbbutton-768x768.png 768w, https://julianataraca.ch/wp-content/uploads/2015/12/fbbutton-1024x1024.png 1024w, https://julianataraca.ch/wp-content/uploads/2015/12/fbbutton.png 2000w" sizes="auto, (max-width: 28px) 100vw, 28px" /></a><a href="https://twitter.com/JulianaTaraca" target="_blank" rel="noopener noreferrer"><img loading="lazy" decoding="async" class="alignnone wp-image-17765" src="http://julianataraca.ch/wp-content/uploads/2014/09/new-twitter-logo-300x207.jpg" alt="new-twitter-logo" width="44" height="30" srcset="https://julianataraca.ch/wp-content/uploads/2014/09/new-twitter-logo-300x207.jpg 300w, https://julianataraca.ch/wp-content/uploads/2014/09/new-twitter-logo.jpg 515w" sizes="auto, (max-width: 44px) 100vw, 44px" /></a><a href="https://www.instagram.com/julianataraca/" target="_blank" rel="noopener noreferrer"><img loading="lazy" decoding="async" class="alignnone wp-image-17419" src="http://julianataraca.ch/wp-content/uploads/2014/09/icon320x320-300x300.png" alt="" width="28" height="28" srcset="https://julianataraca.ch/wp-content/uploads/2014/09/icon320x320-300x300.png 300w, https://julianataraca.ch/wp-content/uploads/2014/09/icon320x320-150x150.png 150w, https://julianataraca.ch/wp-content/uploads/2014/09/icon320x320.png 320w" sizes="auto, (max-width: 28px) 100vw, 28px" /></a> </p>

		</div>
	</div>
</div></div><div class="wpb_column vc_column_container vc_col-sm-6"><div class="wpb_wrapper">
	<div class="wpb_text_column wpb_content_element ">
		<div class="wpb_wrapper">
			<p style="font-size: 18px; text-align: left;">ANFRAGE FÜR NATIONALE &#038; INTERNATIONALE VERFÜGBARKEIT:</p>
<p><a href="mailto:info@julianataraca.ch">info@julianataraca.ch</a></p>
<p>FASHION<br />
BEAUTY &#038; EDITORIAL<br />
WERBUNG<br />
FILM &#038; FERNSEHN<br />
MUSIK PRODUKTION<br />
BUSINESS<br />
EVENTS</p>

		</div>
	</div>
</div></div></div></div></div>
